{"id":16,"date":"2017-04-02T17:37:16","date_gmt":"2017-04-02T15:37:16","guid":{"rendered":"http:\/\/mv-systemes.fr\/?page_id=16"},"modified":"2025-02-13T16:05:33","modified_gmt":"2025-02-13T15:05:33","slug":"accueil","status":"publish","type":"page","link":"https:\/\/mv-systemes.fr\/","title":{"rendered":"Notre M\u00e9tier"},"content":{"rendered":"<h2>MV SYSTEMES\u00a0:<br \/>\nVous simplifie\u00a0l&rsquo;Informatique et la Bureautique.<\/h2>\n<p>La transformation <strong>num\u00e9rique<\/strong> est au\u00a0c\u0153ur des<strong> enjeux \u00e9conomiques<\/strong>\u00a0des professions lib\u00e9rales et des TPE\/PME, nouvelles m\u00e9thodes de travail, nouveaux usages num\u00e9riques, les opportunit\u00e9s sont nombreuses. Notre mission est de vous accompagner dans cette transition et son \u00e9volution.<\/p>\n<p>Christophe DA SILVA, fondateur de MV SYSTEMES\u00a0en 2015, a choisi de mettre ses 20 ann\u00e9es d\u2019exp\u00e9rience des technologies de l\u2019information (IT) \u00e0 votre service.<\/p>\n<p>Nous vous proposons des solutions \u00e9volutives et des services adapt\u00e9s \u00e0 vos besoins, tels que le <a href=\"http:\/\/mv-systemes.fr\/index.php\/audit-informatique\/\"><strong>conseil<\/strong><\/a>, <strong>la vente<\/strong>, <a href=\"http:\/\/mv-systemes.fr\/index.php\/vente-location-et-maintenance-de-photocopieur-et-imprimante\/\"><strong>la location<\/strong><\/a>, <strong>la maintenance<\/strong> et <strong>l&rsquo;infog\u00e9rance<\/strong> <strong>informatique<\/strong> et de la <a href=\"http:\/\/mv-systemes.fr\/index.php\/vente-location-et-maintenance-de-photocopieur-et-imprimante\/\"><strong>bureautique<\/strong><\/a>, <a href=\"http:\/\/mv-systemes.fr\/index.php\/sauvegarde-et-plan-de-reprise-dactivite\/\">la <strong>s\u00e9curit\u00e9<\/strong> et la <strong>sauvegarde<\/strong><\/a> pour planifier<a href=\"http:\/\/mv-systemes.fr\/index.php\/sauvegarde-et-plan-de-reprise-dactivite\/\"> la continuit\u00e9 et la reprise de votre activit\u00e9<\/a> (<strong>PCA<\/strong> et <strong>PRA<\/strong>)<\/p>\n<p>Nous vous assurons un accompagnement de proximit\u00e9 pour que vous puissiez b\u00e9n\u00e9ficier des m\u00eames ressources que les grandes entreprises avec une flexibilit\u00e9 contractuelle optimum.<\/p>\n<p><strong>MV SYSTEMES<\/strong> est totalement ind\u00e9pendant.<\/p>\n<p>A chaque situation, nous proposons une r\u00e9ponse, avec intelligence et vivacit\u00e9.<\/p>\n<p>Nos domaines d\u2019intervention sont vastes et permettent une r\u00e9ponse compl\u00e8te aux besoins :<br \/>\n<em>&#8211; <strong>informatique<\/strong> (postes de travail <strong>Mac<\/strong> et <strong>PC<\/strong>, <strong>serveur<\/strong>,\u00a0<strong>Nas<\/strong>, <strong>Smartphone (iPhone \/ Android)<\/strong>, <strong>tablette<\/strong><\/em><em>)<\/em><br \/>\n<em> &#8211; <strong>r\u00e9seau<\/strong> (infrastructures filaires ou sans fil)<\/em><br \/>\n<em> &#8211; <a href=\"http:\/\/mv-systemes.fr\/index.php\/vente-location-et-maintenance-de-photocopieur-et-imprimante\/\"><strong>bureautique<\/strong> (<strong>imprimante, multifonctions, copieur, scanner, traceur<\/strong>\u2026)<\/a><\/em><br \/>\n<em> &#8211; <strong>audit de parc<\/strong> (<a href=\"http:\/\/mv-systemes.fr\/index.php\/audit-informatique\/\">structure et infrastructure informatique<\/a>, <a href=\"http:\/\/mv-systemes.fr\/index.php\/vente-location-et-maintenance-de-photocopieur-et-imprimante\/\">Solution d\u2019impression<\/a>)<\/em><br \/>\n<em> &#8211; <strong>t\u00e9l\u00e9phonie ip,<\/strong> <strong>connexion internet xDsl<\/strong><\/em><br \/>\n<em> &#8211; <strong>h\u00e9bergement, gestion de domaine, boite email<\/strong>\u2026<\/em><br \/>\n<em> &#8211; <a href=\"http:\/\/mv-systemes.fr\/index.php\/sauvegarde-et-plan-de-reprise-dactivite\/\"><strong>s\u00e9curit\u00e9 informatique<\/strong><\/a> : <a href=\"http:\/\/mv-systemes.fr\/index.php\/sauvegarde-et-plan-de-reprise-dactivite\/\">protection et s\u00e9curisation de votre syst\u00e8me d\u2019information, sauvegarde de vos donn\u00e9es automatis\u00e9es internes et externalis\u00e9es<\/a>, <a href=\"http:\/\/mv-systemes.fr\/index.php\/recuperation-de-donnees\/\">r\u00e9cup\u00e9ration de donn\u00e9es<\/a>.<\/em><\/p>\n<p>Sp\u00e9cialiste du monde num\u00e9rique depuis plus de 20 ans, nous mettons notre exp\u00e9rience \u00e0 votre service<\/p>\n<p>Pour en savoir plus,\u00a0<a href=\"http:\/\/mv-systemes.fr\/index.php\/contact\/\"><strong>contactez-moi !<\/strong><\/a><\/p>\n","protected":false},"excerpt":{"rendered":"<p>MV SYSTEMES\u00a0: Vous simplifie\u00a0l&rsquo;Informatique et la Bureautique. La transformation num\u00e9rique est au\u00a0c\u0153ur des enjeux \u00e9conomiques\u00a0des professions lib\u00e9rales et des TPE\/PME, nouvelles m\u00e9thodes de travail, nouveaux usages num\u00e9riques, les opportunit\u00e9s sont nombreuses. Notre mission est de vous accompagner dans cette transition et son \u00e9volution. Christophe DA SILVA, fondateur de MV SYSTEMES\u00a0en 2015, a choisi de mettre &hellip; <\/p>\n<p class=\"link-more\"><a href=\"https:\/\/mv-systemes.fr\/\" class=\"more-link\">Continuer la lecture<span class=\"screen-reader-text\"> de &laquo;&nbsp;Notre M\u00e9tier&nbsp;&raquo;<\/span><\/a><\/p>\n","protected":false},"author":1,"featured_media":201,"parent":0,"menu_order":0,"comment_status":"closed","ping_status":"closed","template":"","meta":{"_exactmetrics_skip_tracking":false,"_exactmetrics_sitenote_active":false,"_exactmetrics_sitenote_note":"","_exactmetrics_sitenote_category":0,"footnotes":""},"class_list":["post-16","page","type-page","status-publish","has-post-thumbnail","hentry"],"yoast_head":"<!-- This site is optimized with the Yoast SEO plugin v27.3 - https:\/\/yoast.com\/product\/yoast-seo-wordpress\/ -->\n<title>Notre M\u00e9tier - MV SYSTEMES<\/title>\n<meta name=\"description\" content=\"MV SYSTEMES, votre expert en solutions informatiques : installation et param\u00e9trage de copieurs, imprimantes, t\u00e9l\u00e9phones IP et \u00e9quipements r\u00e9seau. Profitez d\u2019un service cl\u00e9 en main et d\u2019un support r\u00e9actif pour optimiser votre infrastructure IT. Contactez-nous d\" \/>\n<meta name=\"robots\" content=\"index, follow, max-snippet:-1, max-image-preview:large, max-video-preview:-1\" \/>\n<link rel=\"canonical\" href=\"https:\/\/mv-systemes.fr\/\" \/>\n<meta property=\"og:locale\" content=\"fr_FR\" \/>\n<meta property=\"og:type\" content=\"article\" \/>\n<meta property=\"og:title\" content=\"Notre M\u00e9tier - MV SYSTEMES\" \/>\n<meta property=\"og:description\" content=\"MV SYSTEMES, votre expert en solutions informatiques : installation et param\u00e9trage de copieurs, imprimantes, t\u00e9l\u00e9phones IP et \u00e9quipements r\u00e9seau. Profitez d\u2019un service cl\u00e9 en main et d\u2019un support r\u00e9actif pour optimiser votre infrastructure IT. Contactez-nous d\" \/>\n<meta property=\"og:url\" content=\"https:\/\/mv-systemes.fr\/\" \/>\n<meta property=\"og:site_name\" content=\"MV SYSTEMES\" \/>\n<meta property=\"article:publisher\" content=\"https:\/\/www.facebook.com\/pg\/MVSYSTEMES\/posts\/\" \/>\n<meta property=\"article:modified_time\" content=\"2025-02-13T15:05:33+00:00\" \/>\n<meta property=\"og:image\" content=\"https:\/\/mv-systemes.fr\/wp-content\/uploads\/2017\/04\/Accueil-3.jpg\" \/>\n\t<meta property=\"og:image:width\" content=\"2000\" \/>\n\t<meta property=\"og:image:height\" content=\"1200\" \/>\n\t<meta property=\"og:image:type\" content=\"image\/jpeg\" \/>\n<meta name=\"twitter:card\" content=\"summary_large_image\" \/>\n<meta name=\"twitter:label1\" content=\"Dur\u00e9e de lecture estim\u00e9e\" \/>\n\t<meta name=\"twitter:data1\" content=\"2 minutes\" \/>\n<script type=\"application\/ld+json\" class=\"yoast-schema-graph\">{\"@context\":\"https:\\\/\\\/schema.org\",\"@graph\":[{\"@type\":\"WebPage\",\"@id\":\"https:\\\/\\\/mv-systemes.fr\\\/\",\"url\":\"https:\\\/\\\/mv-systemes.fr\\\/\",\"name\":\"Notre M\u00e9tier - MV SYSTEMES\",\"isPartOf\":{\"@id\":\"https:\\\/\\\/mv-systemes.fr\\\/#website\"},\"primaryImageOfPage\":{\"@id\":\"https:\\\/\\\/mv-systemes.fr\\\/#primaryimage\"},\"image\":{\"@id\":\"https:\\\/\\\/mv-systemes.fr\\\/#primaryimage\"},\"thumbnailUrl\":\"https:\\\/\\\/mv-systemes.fr\\\/wp-content\\\/uploads\\\/2017\\\/04\\\/Accueil-3.jpg\",\"datePublished\":\"2017-04-02T15:37:16+00:00\",\"dateModified\":\"2025-02-13T15:05:33+00:00\",\"description\":\"MV SYSTEMES, votre expert en solutions informatiques : installation et param\u00e9trage de copieurs, imprimantes, t\u00e9l\u00e9phones IP et \u00e9quipements r\u00e9seau. Profitez d\u2019un service cl\u00e9 en main et d\u2019un support r\u00e9actif pour optimiser votre infrastructure IT. Contactez-nous d\",\"breadcrumb\":{\"@id\":\"https:\\\/\\\/mv-systemes.fr\\\/#breadcrumb\"},\"inLanguage\":\"fr-FR\",\"potentialAction\":[{\"@type\":\"ReadAction\",\"target\":[\"https:\\\/\\\/mv-systemes.fr\\\/\"]}]},{\"@type\":\"ImageObject\",\"inLanguage\":\"fr-FR\",\"@id\":\"https:\\\/\\\/mv-systemes.fr\\\/#primaryimage\",\"url\":\"https:\\\/\\\/mv-systemes.fr\\\/wp-content\\\/uploads\\\/2017\\\/04\\\/Accueil-3.jpg\",\"contentUrl\":\"https:\\\/\\\/mv-systemes.fr\\\/wp-content\\\/uploads\\\/2017\\\/04\\\/Accueil-3.jpg\",\"width\":2000,\"height\":1200},{\"@type\":\"BreadcrumbList\",\"@id\":\"https:\\\/\\\/mv-systemes.fr\\\/#breadcrumb\",\"itemListElement\":[{\"@type\":\"ListItem\",\"position\":1,\"name\":\"Accueil\",\"item\":\"https:\\\/\\\/mv-systemes.fr\\\/\"},{\"@type\":\"ListItem\",\"position\":2,\"name\":\"Notre M\u00e9tier\"}]},{\"@type\":\"WebSite\",\"@id\":\"https:\\\/\\\/mv-systemes.fr\\\/#website\",\"url\":\"https:\\\/\\\/mv-systemes.fr\\\/\",\"name\":\"MV SYSTEMES\",\"description\":\"Vous simplifie l&#039;Informatique et la Bureautique\",\"publisher\":{\"@id\":\"https:\\\/\\\/mv-systemes.fr\\\/#organization\"},\"potentialAction\":[{\"@type\":\"SearchAction\",\"target\":{\"@type\":\"EntryPoint\",\"urlTemplate\":\"https:\\\/\\\/mv-systemes.fr\\\/?s={search_term_string}\"},\"query-input\":{\"@type\":\"PropertyValueSpecification\",\"valueRequired\":true,\"valueName\":\"search_term_string\"}}],\"inLanguage\":\"fr-FR\"},{\"@type\":\"Organization\",\"@id\":\"https:\\\/\\\/mv-systemes.fr\\\/#organization\",\"name\":\"MV SYSTEMES\",\"url\":\"https:\\\/\\\/mv-systemes.fr\\\/\",\"logo\":{\"@type\":\"ImageObject\",\"inLanguage\":\"fr-FR\",\"@id\":\"https:\\\/\\\/mv-systemes.fr\\\/#\\\/schema\\\/logo\\\/image\\\/\",\"url\":\"https:\\\/\\\/mv-systemes.fr\\\/wp-content\\\/uploads\\\/2017\\\/06\\\/accueil2.jpg\",\"contentUrl\":\"https:\\\/\\\/mv-systemes.fr\\\/wp-content\\\/uploads\\\/2017\\\/06\\\/accueil2.jpg\",\"width\":800,\"height\":480,\"caption\":\"MV SYSTEMES\"},\"image\":{\"@id\":\"https:\\\/\\\/mv-systemes.fr\\\/#\\\/schema\\\/logo\\\/image\\\/\"},\"sameAs\":[\"https:\\\/\\\/www.facebook.com\\\/pg\\\/MVSYSTEMES\\\/posts\\\/\"]}]}<\/script>\n<!-- \/ Yoast SEO plugin. -->","yoast_head_json":{"title":"Notre M\u00e9tier - MV SYSTEMES","description":"MV SYSTEMES, votre expert en solutions informatiques : installation et param\u00e9trage de copieurs, imprimantes, t\u00e9l\u00e9phones IP et \u00e9quipements r\u00e9seau. Profitez d\u2019un service cl\u00e9 en main et d\u2019un support r\u00e9actif pour optimiser votre infrastructure IT. Contactez-nous d","robots":{"index":"index","follow":"follow","max-snippet":"max-snippet:-1","max-image-preview":"max-image-preview:large","max-video-preview":"max-video-preview:-1"},"canonical":"https:\/\/mv-systemes.fr\/","og_locale":"fr_FR","og_type":"article","og_title":"Notre M\u00e9tier - MV SYSTEMES","og_description":"MV SYSTEMES, votre expert en solutions informatiques : installation et param\u00e9trage de copieurs, imprimantes, t\u00e9l\u00e9phones IP et \u00e9quipements r\u00e9seau. Profitez d\u2019un service cl\u00e9 en main et d\u2019un support r\u00e9actif pour optimiser votre infrastructure IT. Contactez-nous d","og_url":"https:\/\/mv-systemes.fr\/","og_site_name":"MV SYSTEMES","article_publisher":"https:\/\/www.facebook.com\/pg\/MVSYSTEMES\/posts\/","article_modified_time":"2025-02-13T15:05:33+00:00","og_image":[{"width":2000,"height":1200,"url":"https:\/\/mv-systemes.fr\/wp-content\/uploads\/2017\/04\/Accueil-3.jpg","type":"image\/jpeg"}],"twitter_card":"summary_large_image","twitter_misc":{"Dur\u00e9e de lecture estim\u00e9e":"2 minutes"},"schema":{"@context":"https:\/\/schema.org","@graph":[{"@type":"WebPage","@id":"https:\/\/mv-systemes.fr\/","url":"https:\/\/mv-systemes.fr\/","name":"Notre M\u00e9tier - MV SYSTEMES","isPartOf":{"@id":"https:\/\/mv-systemes.fr\/#website"},"primaryImageOfPage":{"@id":"https:\/\/mv-systemes.fr\/#primaryimage"},"image":{"@id":"https:\/\/mv-systemes.fr\/#primaryimage"},"thumbnailUrl":"https:\/\/mv-systemes.fr\/wp-content\/uploads\/2017\/04\/Accueil-3.jpg","datePublished":"2017-04-02T15:37:16+00:00","dateModified":"2025-02-13T15:05:33+00:00","description":"MV SYSTEMES, votre expert en solutions informatiques : installation et param\u00e9trage de copieurs, imprimantes, t\u00e9l\u00e9phones IP et \u00e9quipements r\u00e9seau. Profitez d\u2019un service cl\u00e9 en main et d\u2019un support r\u00e9actif pour optimiser votre infrastructure IT. Contactez-nous d","breadcrumb":{"@id":"https:\/\/mv-systemes.fr\/#breadcrumb"},"inLanguage":"fr-FR","potentialAction":[{"@type":"ReadAction","target":["https:\/\/mv-systemes.fr\/"]}]},{"@type":"ImageObject","inLanguage":"fr-FR","@id":"https:\/\/mv-systemes.fr\/#primaryimage","url":"https:\/\/mv-systemes.fr\/wp-content\/uploads\/2017\/04\/Accueil-3.jpg","contentUrl":"https:\/\/mv-systemes.fr\/wp-content\/uploads\/2017\/04\/Accueil-3.jpg","width":2000,"height":1200},{"@type":"BreadcrumbList","@id":"https:\/\/mv-systemes.fr\/#breadcrumb","itemListElement":[{"@type":"ListItem","position":1,"name":"Accueil","item":"https:\/\/mv-systemes.fr\/"},{"@type":"ListItem","position":2,"name":"Notre M\u00e9tier"}]},{"@type":"WebSite","@id":"https:\/\/mv-systemes.fr\/#website","url":"https:\/\/mv-systemes.fr\/","name":"MV SYSTEMES","description":"Vous simplifie l&#039;Informatique et la Bureautique","publisher":{"@id":"https:\/\/mv-systemes.fr\/#organization"},"potentialAction":[{"@type":"SearchAction","target":{"@type":"EntryPoint","urlTemplate":"https:\/\/mv-systemes.fr\/?s={search_term_string}"},"query-input":{"@type":"PropertyValueSpecification","valueRequired":true,"valueName":"search_term_string"}}],"inLanguage":"fr-FR"},{"@type":"Organization","@id":"https:\/\/mv-systemes.fr\/#organization","name":"MV SYSTEMES","url":"https:\/\/mv-systemes.fr\/","logo":{"@type":"ImageObject","inLanguage":"fr-FR","@id":"https:\/\/mv-systemes.fr\/#\/schema\/logo\/image\/","url":"https:\/\/mv-systemes.fr\/wp-content\/uploads\/2017\/06\/accueil2.jpg","contentUrl":"https:\/\/mv-systemes.fr\/wp-content\/uploads\/2017\/06\/accueil2.jpg","width":800,"height":480,"caption":"MV SYSTEMES"},"image":{"@id":"https:\/\/mv-systemes.fr\/#\/schema\/logo\/image\/"},"sameAs":["https:\/\/www.facebook.com\/pg\/MVSYSTEMES\/posts\/"]}]}},"_links":{"self":[{"href":"https:\/\/mv-systemes.fr\/index.php\/wp-json\/wp\/v2\/pages\/16","targetHints":{"allow":["GET"]}}],"collection":[{"href":"https:\/\/mv-systemes.fr\/index.php\/wp-json\/wp\/v2\/pages"}],"about":[{"href":"https:\/\/mv-systemes.fr\/index.php\/wp-json\/wp\/v2\/types\/page"}],"author":[{"embeddable":true,"href":"https:\/\/mv-systemes.fr\/index.php\/wp-json\/wp\/v2\/users\/1"}],"replies":[{"embeddable":true,"href":"https:\/\/mv-systemes.fr\/index.php\/wp-json\/wp\/v2\/comments?post=16"}],"version-history":[{"count":1,"href":"https:\/\/mv-systemes.fr\/index.php\/wp-json\/wp\/v2\/pages\/16\/revisions"}],"predecessor-version":[{"id":436,"href":"https:\/\/mv-systemes.fr\/index.php\/wp-json\/wp\/v2\/pages\/16\/revisions\/436"}],"wp:featuredmedia":[{"embeddable":true,"href":"https:\/\/mv-systemes.fr\/index.php\/wp-json\/wp\/v2\/media\/201"}],"wp:attachment":[{"href":"https:\/\/mv-systemes.fr\/index.php\/wp-json\/wp\/v2\/media?parent=16"}],"curies":[{"name":"wp","href":"https:\/\/api.w.org\/{rel}","templated":true}]}}